nits digit of 34/u + b/(-12)?
6
Let r be 2/(-9) - 32/18. What is the units digit of (-25)/(r + 1 + 0)?
5
Let t(f) = f**3 + 8*f**2 - 10*f + 1. Let w be t(-9). Let b = 24 - w. What is the units digit of b?
4
Suppose 4*j = 3*j + 34. Suppose p = -p + j. What is the tens digit of p?
1
Suppose 2*l + c - 217 + 1 = 0, 5*c + 540 = 5*l. What is the units digit of l?
8
Let v(i) = i**2 + 9*i. What is the tens digit of v(-10)?
1
Let j = 5 - 3. Let g = j + 0. What is the units digit of g?
2
Let h = 0 + 0. Suppose h*z + 4*z - 28 = 0. Suppose 3*u - z*u = -32. What is the units digit of u?
8
Let a be (1 - -52) + 2 + 0. Suppose 2*m + 3*m - a = 0. Suppose 0 = 2*f + 5*n - 0*n - m, 3*n + 9 = 0. What is the tens digit of f?
1
Suppose 8 = z - 3*x - 0*x, -2*x = 0. What is the units digit of -1*2/(z/(-36))?
9
Let v(g) = g + g + 2 - g + 2*g. What is the units digit of v(2)?
8
Suppose 0 = b - 13 - 13. What is the units digit of b?
6
Let h = 100 - 37. What is the tens digit of h?
6
Let s(n) = -35*n**2 + 2*n + 1. Let k be s(-1). Let h = -19 - k. What is the units digit of h?
7
Suppose -113 - 95 = -2*v. Suppose -2*a = 2*a + 5*j - v, -a + 5 = -4*j. What is the units digit of a?
1
Suppose -7 = -2*l + 3. Suppose l*w - 53 = 4*b - 7*b, 5*w = 2*b + 48. What is the units digit of w?
0
Let r be (-3)/((27/75)/(-3)). Suppose -1 + r = 4*t. What is the units digit of t?
6
Let o = 11 - 6. Suppose o*v = 2*v + 9. Suppose v*z + 2*z - 50 = 0. What is the tens digit of z?
1
What is the tens digit of 66 - (-9)/(27/(-6))?
6
Suppose 0*q - 12 = 3*q + t, -9 = 3*t. Let x = q + 16. What is the units digit of x?
3
Let x(l) be the first derivative of l**3/3 - 5*l**2/2 - l - 2. Let y be x(6). Let k = y - -3. What is the units digit of k?
8
Suppose 6*n - 4400 = -5*n. What is the units digit of n?
0
Let x = 58 + 26. What is the units digit of x?
4
Let h = -1 - -37. Let y be (2 + 0)*(2 + -1). What is the tens digit of y/(-12) - (-546)/h?
1
Suppose -2*w + 0*w = 6, 5*w + 23 = 2*j. Suppose -r + 0 + j = 0. What is the units digit of 1/r + (-22)/(-8)?
3
Let q be (-22)/(-3) - (-4)/(-12). Let z be 1 - (-4 - (-2)/2). Let v = q - z. What is the units digit of v?
3
Let a = 98 + -41. Let p = -11 + a. Suppose 4*x - 6 = p. What is the units digit of x?
3
Let z(u) = u**2 - u + 1. Let j be z(2). Let q = -53 - -95. Suppose -5*o + q = 3*w, 0*o = j*o - w - 14. What is the units digit of o?
6
What is the tens digit of (-7 - -5) + -2 - (-233 + -1)?
3
Let q(a) = -6*a. Suppose -3*h - 4 = h. What is the units digit of q(h)?
6
Suppose 3*w - 5 - 4 = -2*n, 3*n = -2*w + 1. What is the units digit of (-32)/n*27/6?
8
Let h be 0*(0 + (-3)/(-9)). Let t(s) = 2 + h - 1 - 4 + 3*s. What is the units digit of t(3)?
6
Let k = -60 - -104. What is the tens digit of k?
4
Suppose 0 = 4*i - 3*i + 38. Let b = i + 9. Let v = -14 - b. What is the units digit of v?
5
What is the hundreds digit of 1*(449 - 4) - 3?
4
Let q(b) = -b**3 - 3*b**2 + 4*b - 3. Let w be q(-4). What is the tens digit of 10*((-6)/2)/w?
1
Suppose -120 = -4*g + 404. What is the tens digit of g?
3
Let c = -12 + 33. What is the tens digit of c?
2
Let r(d) = -d + 1. Let x be r(-1). Suppose x*q = -0*q + 12. What is the units digit of q?
6
Suppose -6*c + 568 = -2*c. What is the hundreds digit of c?
1
Let l = -11 - -48. What is the tens digit of l?
3
Suppose -5*p + 2*g = -50, 0*g = p - 5*g - 33. Let i be ((-18)/5)/(p/(-20)). Let z = 15 - i. What is the units digit of z?
6
What is the units digit of 186/3*1/2?
1
Let r(s) = s - 3. Let f be r(6). Suppose -f*p + 40 = -8. What is the units digit of p?
6
Let x(n) = 32*n**2 + 1. Let d(c) = -31*c**2 - 1. Let v(j) = 2*d(j) + 3*x(j). What is the tens digit of v(1)?
3
What is the hundreds digit of (2028/(-9))/((2/3)/(-1))?
3
Let t = 52 - 1. What is the tens digit of t?
5
Suppose -1025 = -14*x + 697. What is the tens digit of x?
2
Let s(j) = -j**2 + 8*j + 2. Let r be s(5). Suppose -d + r = -3. What is the units digit of d?
0
Let b be 2 + (-8)/4 + 3. Suppose u + 40 = b*p, -5*p + 4*u - 5*u = -56. What is the tens digit of p?
1
Let h = -2 + 9. Let i(v) = 0*v + 5 - v**2 + 6*v - h. What is the units digit of i(5)?
3
Let d be (-46)/(-6) + (-4)/6. Let m = d - 4. What is the units digit of m?
3
Let w = 4 - 11. Let d be w/(-1) + -2*1. What is the units digit of ((-8)/10)/((-2)/d)?
2
Let r(m) = -m + 2. Let q be r(-11). Suppose 0 = -v + k + 6, 17 + q = 5*v + 4*k. What is the units digit of v?
6
Let g(p) = 4*p**2 + p + 1. Let j be g(-1). Suppose 29 = 5*h - 2*h - j*t, h = t + 8. Suppose -c = -0 - h. What is the units digit of c?
3
Let a(y) = y**3 - y**2 - 4*y + 163. What is the units digit of a(0)?
3
Let u be (-18)/(-8) - (-3)/(-12). Let c be u/2 + (2 - -1). Suppose 2*h - 5*h - 4*f + 21 = 0, 3*f = c*h - 28. What is the units digit of h?
7
Let z be 2/(26/30 + -1). Let v be 5/(z/(-18)) - -2. What is the units digit of 1 - -9 - (v + -6)?
8
Suppose 2*g = 5*g - 6. Suppose -5*c = -22 + g. Suppose f = c*f - 21. What is the units digit of f?
7
Suppose -x = h + 4, 5*h + 5*x + 15 = x. Let l = 4 + h. Suppose 0 = 2*j - l*k - 19, 3*j + 2*k + 9 = 4*j. What is the units digit of j?
7
Let c(b) = -b**2 + 11*b + 19. What is the units digit of c(8)?
3
Suppose -1 = 3*x - 31. Let s be 1 - (-5)/(x/(-6)). What is the units digit of (1 + s + 2)*5?
5
Suppose -6*b + 10 = -b. Suppose -7 = 3*x + 2. What is the units digit of x/(6/(-20)) - b?
8
Let l be 2*(-1)/6*-3. Suppose -h + 21 = t, 2*h - 4*t - l - 23 = 0. Suppose -2*o = -4*x + h, -5*x + 2*o + 2*o = -30. What is the units digit of x?
2
Let t(g) = -g**2 - 4*g + 7. Let j be t(-5). Suppose -4*z = 3*l - 72, z = j*l + 2*l - 96. What is the tens digit of l?
2
Let s(j) = 5*j**2 - 10*j - 12. What is the units digit of s(-7)?
3
Let l be (-1 - 0)*(-3 + 0). Suppose -6*t - 106 = -5*q - l*t, 4*t - 12 = 0. What is the tens digit of q?
2
Let x(y) = -y. Let c(g) = g**2 + 2. Let u(i) = c(i) - 5*x(i). What is the tens digit of u(-7)?
1
Suppose 3*t + 22 = f, 4*f - 33 - 87 = 4*t. What is the units digit of f?
4
Suppose 0 = 2*h - 0*h + 3*w + 20, -5*h + 3*w = 8. Let z = h + 3. Let f = 10 + z. What is the units digit of f?
9
Let h(b) = -b**2 - b + 20. Let q be h(0). What is the tens digit of (36/q)/(3/75)?
4
Let p be (-2)/(-6) - 4/12. What is the units digit of (3 - p)/(9/3)?
1
Suppose 5*w - 49 = 126. Suppose -u = 5*j - w, 2 = 4*u + 22. What is the units digit of j?
8
Suppose -3*m = 5*p - 87, -p - m = 4*m - 13. Let l = p + -11. What is the units digit of l?
7
Let j(x) = x**3 - 5*x**2 - 4*x - 7. Let m be j(6). Suppose 3*t = -m + 2. Let q = 4 + t. What is the units digit of q?
3
Let r(b) = b**3 - 8*b**2 - 9*b + 3. Let z be r(9). Suppose 0 = -n + 13 - z. Suppose 20 = 2*q - n. What is the tens digit of q?
1
What is the tens digit of (-49)/2*(-72)/42?
4
Suppose -11*p + 7*p = -232. What is the tens digit of p?
5
Suppose 3*h - 3 = -5*i, -4*h + i + 4 = -4*i. Suppose -2*u + 3 = -3. Suppose u*s - 4*r - 24 = 0, -s + 23 = 4*r - h. What is the tens digit of s?
1
Let l(g) = 0 + 1 - 2 - 3 + 3*g. What is the units digit of l(5)?
1
Suppose -2*m + 136 = -5*c - 143, 5*m - c = 686. Let i = m - 96. What is the tens digit of i?
4
Let j = 83 + -55. What is the units digit of j?
8
Suppose -3*c + a = 2*c - 39, -2*c + 5*a + 11 = 0. Let l be ((-8)/14)/(c/(-28)). What is the units digit of (-342)/(-30) + l/(-5)?
1
Let x = 42 - -30. What is the units digit of x?
2
Let t = -20 + 36. Let x = 22 - t. What is the units digit of x?
6
Let g(s) = -s**3 - 7*s**2 + 4*s + 11. Let f be g(-8). Suppose 6*r - 87 = 3*r. Suppose 5*h = -4*p + r, -11 = 5*p + 2*h - f. What is the units digit of p?
6
Let q = 19 - 12. Suppose q*c - 33 = 4*c. What is the units digit of c?
1
Let i(y) = 9*y**2 - 2 + 1 + y**3 + 6 - 11*y. What is the tens digit of i(-10)?
1
Let m(a) = -a**2 - 12*a - 13. Let q be m(-10). Let b = q - 14. Let g = b - -12. What is the units digit of g?
5
Let z(u) be the second derivative of 5*u**4/12 - u**2 - 3*u. What is the tens digit of z(2)?
1
Let f(n) = -12*n - 4. What is the units digit of f(-1)?
8
Let q = 157 - 101. Suppose -2*r - 2 = -q. Suppose -t = 2*t - 3*w - r, 3*w - 9 = 0. What is the units digit of t?
2
Suppose 0 = -b - 3*c + 9, -2*c + 3*c - 3 = -3*b. Suppose 7 = -b*i + i. What is the units digit of i?
7
Let m = 6 - 2. Suppose m*n = 2*k - 28, -5 = 5*n - 20. What is the units dig